8625 is divided by 89?
81
What is the remainder when 483 is divided by 16?
3
What is the remainder when 92 is divided by 36?
20
Calculate the remainder when 20029 is divided by 318.
313
Calculate the remainder when 608 is divided by 14.
6
What is the remainder when 99 is divided by 98?
1
Calculate the remainder when 1057 is divided by 154.
133
Calculate the remainder when 206 is divided by 10.
6
What is the remainder when 1910 is divided by 382?
0
What is the remainder when 487 is divided by 17?
11
Calculate the remainder when 104 is divided by 6.
2
Calculate the remainder when 48 is divided by 14.
6
Calculate the remainder when 494 is divided by 55.
54
What is the remainder when 3185 is divided by 1050?
35
Calculate the remainder when 199 is divided by 100.
99
What is the remainder when 145 is divided by 66?
13
Calculate the remainder when 122 is divided by 5.
2
Calculate the remainder when 139 is divided by 30.
19
What is the remainder when 1263 is divided by 71?
56
What is the remainder when 417 is divided by 100?
17
Calculate the remainder when 659 is divided by 112.
99
Calculate the remainder when 125 is divided by 55.
15
What is the remainder when 371 is divided by 180?
11
Calculate the remainder when 23 is divided by 13.
10
What is the remainder when 2102 is divided by 132?
122
What is the remainder when 4811 is divided by 86?
81
What is the remainder when 493 is divided by 124?
121
What is the remainder when 43965 is divided by 64?
61
What is the remainder when 473 is divided by 34?
31
Calculate the remainder when 2035 is divided by 227.
219
What is the remainder when 118 is divided by 40?
38
What is the remainder when 180 is divided by 13?
11
What is the remainder when 249 is divided by 64?
57
Calculate the remainder when 3179 is divided by 5.
4
What is the remainder when 222 is divided by 84?
54
What is the remainder when 90 is divided by 38?
14
What is the remainder when 691 is divided by 63?
61
What is the remainder when 887 is divided by 75?
62
What is the remainder when 281 is divided by 21?
8
What is the remainder when 639 is divided by 151?
35
Calculate the remainder when 32 is divided by 9.
5
What is the remainder when 207 is divided by 11?
9
Calculate the remainder when 93 is divided by 51.
42
What is the remainder when 6972 is divided by 11?
9
What is the remainder when 1224 is divided by 174?
6
Calculate the remainder when 20273 is divided by 148.
145
Calculate the remainder when 772 is divided by 71.
62
Calculate the remainder when 707 is divided by 9.
5
Calculate the remainder when 1052 is divided by 205.
27
Calculate the remainder when 48 is divided by 31.
17
What is the remainder when 1760 is divided by 1759?
1
Calculate the remainder when 178 is divided by 30.
28
Calculate the remainder when 462 is divided by 103.
50
Calculate the remainder when 217 is divided by 67.
16
What is the remainder when 2478 is divided by 54?
48
What is the remainder when 74 is divided by 27?
20
What is the remainder when 461 is divided by 87?
26
Calculate the remainder when 588 is divided by 183.
39
Calculate the remainder when 19 is divided by 1.
0
What is the remainder when 98 is divided by 22?
10
Calculate the remainder when 213 is divided by 43.
41
What is the remainder when 7222 is divided by 2403?
13
Calculate the remainder when 102 is divided by 8.
6
Calculate the remainder when 34 is divided by 4.
2
What is the remainder when 1991 is divided by 52?
15
Calculate the remainder when 315 is divided by 6.
3
Calculate the remainder when 27883 is divided by 73.
70
Calculate the remainder when 70 is divided by 19.
13
What is the remainder when 2353 is divided by 588?
1
What is the remainder when 442 is divided by 88?
2
What is the remainder when 3051 is divided by 28?
27
What is the remainder when 2305 is divided by 1110?
85
Calculate the remainder when 293 is divided by 11.
7
Calculate the remainder when 348 is divided by 39.
36
Calculate the remainder when 5132 is divided by 29.
28
What is the remainder when 67 is divided by 24?
19
What is the remainder when 391 is divided by 181?
29
What is the remainder when 72 is divided by 21?
9
Calculate the remainder when 259 is divided by 29.
27
Calculate the remainder when 310 is divided by 105.
100
Calculate the remainder when 231 is divided by 30.
21
What is the remainder when 1223 is divided by 248?
231
What is the remainder when 217 is divided by 24?
1
What is the remainder when 58 is divided by 16?
10
What is the remainder when 1020 is divided by 21?
12
Calculate the remainder when 137 is divided by 22.
5
Calculate the remainder when 741 is divided by 68.
61
Calculate the remainder when 31444 is divided by 59.
56
What is the remainder when 3069 is divided by 17?
9
Calculate the remainder when 51 is divided by 7.
2
Calculate the remainder when 320 is divided by 28.
12
Calculate the remainder when 309 is divided by 12.
9
What is the remainder when 1793 is divided by 69?
68
What is the remainder when 124 is divided by 11?
3
Calculate the remainder when 79 is divided by 27.
25
What is the remainder when 323 is divided by 226?
97
Calculate the remainder when 260 is divided by 71.
47
Calculate the remainder when 782 is divided by 14.
12
What is the remainder when 355 is divided by 30?
25
Calculate the remainder when 3756 is divided by 271.
233
Calculate the remainder when 599 is divided by 122.
111
Calculate the remainder when 67 is divided by 32.
3
What is the remainder when 7215 is divided by 36?
15
What is the remainder when 108 is divided by 96?
12
What is the remainder when 4716 is divided by 20?
16
Calculate the remainder when 1699 is divided by 9.
7
What is the remainder when 579 is divided by 237?
105
Calculate the remainder when 226 is divided by 76.
74
What is the remainder when 3 is divided by 3?
0
Calculate the remainder when 9 is divided by 1.
0
Calculate the remainder when 102 is divided by 48.
6
Calculate the remainder when 581 is divided by 53.
51
Calculate the remainder when 325 is divided by 15.
10
Calculate the remainder when 1329 is divided by 74.
71
What is the remainder when 276 is divided by 140?
136
What is the remainder when 200 is divided by 56?
32
Calculate the remainder when 9 is divided by 2.
1
Calculate the remainder when 1123 is divided by 374.
1
What is the remainder when 358 is divided by 36?
34
What is the remainder when 523 is divided by 256?
11
Calculate the remainder when 219 is divided by 44.
43
What is the remainder when 4711 is divided by 152?
151
What is the remainder when 123 is divided by 14?
11
Calculate the remainder when 113 is divided by 38.
37
What is the remainder when 722 is divided by 52?
46
Calculate the remainder when 81 is divided by 7.
4
Calculate the remainder when 205 is divided by 47.
17
Calculate the remainder when 1129 is divided by 48.
25
Calculate the remainder when 190 is divided by 12.
10
What is the remainder when 75 is divided by 38?
37
What is the remainder when 12405 is divided by 33?
30
What is the remainder when 241 is divided by 107?
27
What is the remainder when 332 is divided by 34?
26
What is the remainder when 1153 is divided by 356?
85
Calculate the remainder when 402 is divided by 179.
44
Calculate the remainder when 794 is divided by 396.
2
Calculate the remainder when 235 is divided by 95.
45
What is the remainder when 1588 is divided by 53?
51
Calculate the remainder when 3656 is divided by 20.
16
What is the remainder when 1525 is divided by 3?
1
What is the remainder when 685 is divided by 56?
13
What is the remainder when 304 is divided by 80?
64
What is the remainder when 20 is divided by 15?
5
Calculate the remainder when 151 is divided by 93.
58
Calculate the remainder when 135 is divided by 47.
41
Calculate the remainder when 132 is divided by 20.
12
Calculate the remainder when 105 is divided by 32.
9
Calculate the remainder when 66 is divided by 3.
0
What is the remainder when 519 is divided by 61?
31
What is the remainder when 934 is divided by 310?
4
Calculate the remainder when 304 is divided by 97.
13
Calculate the remainder when 709 is divided by 168.
37
Calculate the remainder when 131 is divided by 79.
52
Calculate the remainder when 829 is divided by 418.
411
What is the remainder when 1632 is divid